 = o - 1. Let g(b) = 4*b - 3. Let p(q) = 6*g(q) - 17*n(q). Calculate the remainder when x is divided by p(1).
5
Let h(r) = -r**3 + 3*r**2 + 3*r - 4. Let n be (2/(-6))/(2/(-6)). Suppose 0 = 4*t, f + 3*t = -2 - n. Calculate the remainder when h(f) is divided by 14.
13
Suppose p + 32 + 71 = 4*x, 5*p - 110 = -5*x. What is the remainder when 140 is divided by x?
15
Suppose -357 = -5*l - w, 0*l - 351 = -5*l + 2*w. What is the remainder when l is divided by 12?
11
Suppose 2*r + 11 = -n + 2*n, n = 5*r + 17. Calculate the remainder when 41 is divided by n.
6
Let t = 29 + -6. Let b be -12*(10/3 - 2). Let m = t + b. What is the remainder when 26 is divided by m?
5
Suppose 0*r = -b + 3*r + 28, 88 = 4*b - 4*r. Calculate the remainder when 71 is divided by b.
14
Let a(f) = f**2 - 6*f + 3. Let n be a(6). Suppose n*i = -2*i + 20. Calculate the remainder when i is divided by 3.
1
Let w = 50 + -33. What is the remainder when 47 is divided by w?
13
Let q(l) = l**2 - 15*l - 6. Let t be q(7). Let s be t/(-6) - (-2)/(-6). Let r(n) = -n**2 + 12*n + 2. What is the remainder when 42 is divided by r(s)?
20
Let v(z) be the third derivative of -z**6/120 - z**5/10 + 5*z**4/24 - z**3/2 - 3*z**2. Calculate the remainder when 20 is divided by v(-7).
9
Suppose h - m + 7 = 3*h, -4*m = -5*h - 15. Suppose -i + 6 = -4*t, 16 = -5*t - 5*i + 2*i. Calculate the remainder when 6 is divided by (h - (-10)/(-4))*t.
0
Suppose -4*s - 5 = -13. Calculate the remainder when s + (-3 - (-52 - 2)) is divided by 18.
17
What is the remainder when 15 is divided by (-6)/14 - 8/(224/(-68))?
1
Let c = 19 + -16. Suppose o - 9 = -5*f, c*o - 5*f - 103 + 16 = 0. Calculate the remainder when o is divided by 9.
6
Suppose 6*r = 45 + 123. What is the remainder when 110 is divided by r?
26
Let m(b) = b**3 + 10*b**2 + 9*b + 8. Calculate the remainder when 20 is divided by m(-9).
4
Suppose 81 = 3*k - 0*k. Let d(g) = g**2 - 4*g + 2. What is the remainder when d(11) is divided by k?
25
Let q(p) = -p + 10. Let v(k) = -5*k + 8. Let y be v(-7). Let i = 62 - y. What is the remainder when i is divided by q(0)?
9
What is the remainder when 4*235/40*2 is divided by 8?
7
Suppose 4*q + 2*p - 217 = 3*p, 5*q = -5*p + 290. Calculate the remainder when q is divided by 8.
7
Suppose -44 = 2*m + 14. Let b = 72 + m. Calculate the remainder when b is divided by 22.
21
Let f(t) = t**2 - t - 1. Let a(j) = -39*j**2 + 4*j + 3. Let n(z) = -a(z) - 3*f(z). What is the remainder when n(1) is divided by 19?
16
Calculate the remainder when 21 is divided by -1 + (-12)/8*-6.
5
Suppose -5*o - 23 = -43. Let z(l) be the second derivative of l**4/12 + l**2 + l. Calculate the remainder when z(3) is divided by o.
3
Let n(r) = -32*r - 47. Calculate the remainder when n(-7) is divided by 15.
12
Suppose -3*m + 12 = -3*g - 7*m, -m = 2*g + 3. Let f = 8 - g. Calculate the remainder when f is divided by 5.
3
Suppose 2*r = r. Suppose r = 2*b - 3*u - 85, -b = 3*b - u - 155. Calculate the remainder when b is divided by 13.
12
Let p be (318/(-15))/((-8)/20). Suppose 4*c - 115 = p. Suppose -x + 0*x + 22 = 0. Calculate the remainder when c is divided by x.
20
Suppose 14 + 2 = 4*j. Calculate the remainder when j is divided by 3.
1
Let o(g) = -6*g - 3. Let f be o(-2). Let p = -5 + f. Suppose -4*x + s + 16 = -x, p*s + 15 = 5*x. Calculate the remainder when 13 is divided by x.
6
Let q be (-118)/12 + 6/(-36). Suppose -5*x = -2*l - 123, 4*l + 11 + 28 = x. What is the remainder when x is divided by q + 7 - 1*-11?
7
Suppose z + 199 = 5*u, 8*u - 3*u + 3*z = 183. Suppose 2*i + 30 = -12. Let n = -11 - i. What is the remainder when u is divided by n?
9
Let t(h) = h**2 + h - 8. Let x be t(-6). Let b = -12 + x. Let r(y) = y**3 - 7*y**2 + 6*y + 4. Calculate the remainder when b is divided by r(6).
2
Suppose 5*n + 2*m - 35 = 0, -2*n - 5*m = n - 40. What is the remainder when 7 is divided by n?
2
Let x = -9 - -18. Let m = 9 + x. Calculate the remainder when 51 is divided by m.
15
Let o(r) = -r**2 - 7*r - 2. Let n be o(-3). Let w be (-2)/n + (-1524)/(-20). Suppose -l = -5*l + w. Calculate the remainder when l is divided by 10.
9
Calculate the remainder when 55 is divided by (102/12*-2)/(-1).
4
Suppose -3*k + 92 = -106. Suppose 2*d - k = -d. What is the remainder when d is divided by 8?
6
Let u(l) = -l**2 + 11*l + 4. What is the remainder when 50 is divided by u(10)?
8
Suppose -15*q + 360 = -10*q. What is the remainder when q is divided by 20?
12
Suppose 325 = -2*o + 7*o. Suppose -o = -2*m + 49. Calculate the remainder when m is divided by 20.
17
Suppose -40 = 2*w - 7*w. Suppose -4*t - w = -132. Calculate the remainder when t is divided by 16.
15
Suppose -4*c - 14 + 34 = 0. Let p = 54 - 37. What is the remainder when p is divided by c?
2
Let l(i) = i**2 - 14*i - 11. Let x be l(15). Calculate the remainder when 34 is divided by (-9*x)/(1 + -3).
16
Let t = -38 + 53. Let g = 3 + t. What is the remainder when 35 is divided by g?
17
Let d(g) = 2*g**2 - 8*g - 3. Let k(a) = a**2 - 8*a + 6. Let c be k(8). Calculate the remainder when 61 is divided by d(c).
19
Suppose 8*o - 6*o - 10 = 0. Suppose r = 3*r + 3*i - 30, 0 = o*r - 4*i - 75. Calculate the remainder when 59 is divided by r.
14
Suppose 0 = 3*u - 33 - 3. Let d = u - -6. What is the remainder when d is divided by 10?
8
Suppose y - 7 = -2*c + 24, -6 = -3*c. Let p = -9 + y. Suppose -4*k = 2*o - 86, -4*o + 237 = k - 6*k. What is the remainder when o is divided by p?
17
Suppose -5*m = -212 - 78. Let x = 19 + -4. What is the remainder when m is divided by x?
13
Let u(c) be the third derivative of -c**4/12 + 2*c**2. Calculate the remainder when 16 is divided by u(-3).
4
Let s = 14 + 0. Suppose -2*c + 80 = 2*q + 2*c, 3*q - 5*c = 142. Let v = q + -17. What is the remainder when v is divided by s?
13
Let o(p) = -p**3 + 23*p**2 - 33*p + 43. Calculate the remainder when o(21) is divided by 39.
37
Calculate the remainder when 34 is divided by 46/6 + 4/(-6).
6
Let g(l) = -l**2 - 9*l - 7. What is the remainder when 64 is divided by g(-5)?
12
Suppose -5*j - 18 = -4*j + v, 0 = 5*j + 2*v + 78. Let u = 8 - j. Calculate the remainder when u is divided by 8.
6
Let f = 5 - 3. Let r = 26 - 16. Let g = 11 - r. Calculate the remainder when f is divided by g.
0
Let g = 11 - 7. Suppose 0 = -g*v - v + 20. Calculate the remainder when 9 is divided by v.
1
Let h(r) = r**2 + 8*r - 40. What is the remainder when 21 is divided by h(-12)?
5
Suppose 7*u - 147 = -7. What is the remainder when u is divided by 12?
8
Let b = 27 + -22. Calculate the remainder when 53 is divided by 8*b/((-20)/(-14)).
25
Suppose -4*t + 623 = 3*t. What is the remainder when t is divided by 15?
14
Suppose -9*u + 798 = 12*u. Calculate the remainder when u is divided by 10.
8
Suppose -4*j - 3 = -87. Suppose -4*t = 2*d - 104, -t - 263 = -4*d + 2*t. Calculate the remainder when d is divided by j.
20
Suppose -5*o + 216 = -o. Calculate the remainder when o is divided by 11.
10
Let l(f) = 2*f**2 + 5*f + 9. Calculate the remainder when 36 is divided by l(-4).
15
Let g(z) = -5*z**3 + 3*z**2 - z - 1. What is the remainder when g(-2) is divided by 5?
3
Suppose -17 = 4*z + 3. Calculate the remainder when (44/(-10) - 1)*z is divided by 10.
7
Let y(p) = p**2 + 14*p + 24. What is the remainder when 42 is divided by y(-13)?
9
Suppose 24 + 15 = 3*f. Suppose -4*a = -2*w - 9 + 71, 63 = 3*w + 4*a. Calculate the remainder when w is divided by f.
12
Let b be (1 - (1 - -1))*1. Let h(y) = -15*y**3 + 2*y**2 + y. Calculate the remainder when 62 is divided by h(b).
14
Let p(a) be the first derivative of -a**2/2 - a - 2. Calculate the remainder when ((-4)/10)/((-1)/10) is divided by p(-4).
1
Suppose -21 = -3*i - 5*u, 4*i = 3*u + 49 + 8. Let h(k) = 4*k**2 + 6*k**2 + 1 - 4*k**2. What is the remainder when i is divided by h(1)?
5
Suppose 0*u = -4*u + 8, -2*r + 4*u + 20 = 0. Calculate the remainder when 55 is divided by r.
13
Let n = -6 - -8. Suppose 0 = n*t - 23 + 7. What is the remainder when t is divided by 3?
2
Let y(x) = x**3 + x + 13. Calculate the remainder when 64 is divided by y(0).
12
Let c(s) = -s**2 + 5*s + 2. Let l be c(6). Let d(y) = -y**3 - 4*y**2 + 4. Let o be d(l). What is the remainder when 46 is divided by (-8 - 0)/((-2)/o)?
14
Let t(k) = 2*k**2 + 2*k - 1. Let r be t(3). Suppose 4*q + r = m, -3*q + 0